derivative of 2*d + 1/6*d**3 + 11/2*d**2 + 2. Let h(q) be the first derivative of w(q). What is h(-5)?
6
Let u(t) = -7*t**2 - 2*t - 1. Let a = 49 - 50. Determine u(a).
-6
Let l(f) = -4 + 2 + 1 - 10 - f. Let p be -2 + 0 + 1 + -11. Let z = -18 - p. Calculate l(z).
-5
Let o = -78 + 68. Let t(w) = -w**2 - 10*w + 6. Determine t(o).
6
Let j = 9 + -5. Suppose -12 = -2*y + 5*v, -4*y + 4*v - 11 = -35. Let x(q) = 2*q + q**2 - y - 6*q - 1 + 2. Give x(j).
-5
Let f(s) = 3*s**2 + 3*s + 1. Suppose 2*y - y = 4. Suppose -10 = d + 2*x, -y*x + 8*x + 10 = 3*d. Calculate f(d).
7
Let w(g) = -3*g - 6 - 5*g**3 + 4*g + 7*g**3 + g**2 - g**3. Calculate w(0).
-6
Let w(z) = -z**2 + 3*z + 5. Suppose -2*i - 14 = 4*m, i + 14 = 4*m - 17. Let f be 4/6 + (-65)/i. Give w(f).
-5
Suppose 0 = -2*x + 5*z + 17, -z = -2*x - 2*x + 25. Let k(b) = b**3 - 5*b**2 - 7*b + 1. Determine k(x).
-5
Let w(q) be the third derivative of q**6/120 + 7*q**5/60 + 5*q**4/12 + 7*q**3/6 + 43*q**2. Determine w(-6).
-17
Let b(g) = g**2 - 9*g - 12. Suppose -9 - 81 = -9*q. Give b(q).
-2
Let k(u) = -u**3 - 6*u**2 - 2*u + 4. Let l(r) = -6*r + 1. Let t be l(1). Determine k(t).
-11
Let g be (3/2 - -1)/(125/300). Let i(m) be the first derivative of -m**4/4 + 5*m**3/3 + 5*m**2/2 + 8*m + 1. What is i(g)?
2
Let t(x) be the second derivative of 0*x**2 - 1/10*x**5 + 1/12*x**4 + 0 + x + 0*x**3. Suppose -2*r + 3 = r. Determine t(r).
-1
Let r(d) = -9*d**3 - d**2 + 1. Suppose a + 3*p = -11, -2*a + 5*p = 3*a - 25. Calculate r(a).
-9
Let n(a) = -2*a - 8. Suppose 5*q - 12 = q. Suppose -18 = -0*s + q*s. Determine n(s).
4
Let n(t) be the second derivative of -t**5/120 - t**4/8 + t**3/3 - 5*t. Let o(c) be the second derivative of n(c). What is o(0)?
-3
Let v(m) = m**3 - 6*m**2 - m + 1. Let a be v(6). Let k = a - -2. Let t(r) be the first derivative of 2*r**2 + 3*r - 3. Determine t(k).
-9
Let u(f) = 7*f**2 + 5*f + 3. Let a(q) = 8*q**2 + 6*q + 3. Let c(w) = -2*a(w) + 3*u(w). What is c(-2)?
17
Let q(h) be the second derivative of -5*h**4/4 + h**3/6 - 2*h. Let l = 53 - 52. Determine q(l).
-14
Let a(r) = 2*r - 4 - r**3 + 14*r**2 - 16*r**2 - r + 2*r**3. What is a(3)?
8
Let y be (-2 + 3/2)*10. Let d = y + 3. Let x be d/7 - (-26)/(-7). Let k(f) = f**3 + 4*f**2 - f - 2. Give k(x).
2
Let s(l) = 382 - 388 + 0*l + 2*l. Give s(4).
2
Let y(x) = x**3 - 3*x**2 + 2*x. Suppose k = 2*k - 2. Calculate y(k).
0
Let d(r) be the second derivative of 0 + 3/2*r**2 + 5/6*r**3 + 1/6*r**4 - 4*r. Determine d(-3).
6
Let y(j) = -10*j + 8*j + 1 + 1 - j**2. Calculate y(-3).
-1
Let i(j) = -3 + 7 + j + 8*j - 4*j. What is i(3)?
19
Let j(w) be the third derivative of -w**5/60 - w**4/12 - 2*w**3/3 + 8*w**2. Calculate j(-3).
-7
Let s(f) be the third derivative of -f**6/120 + f**5/15 - f**4/12 + 26*f**2. Determine s(3).
3
Let d(m) = 5*m - 2. Let r(p) = 2*p - 1. Suppose -4*t - 2*t + 54 = 0. Let q(i) = t*r(i) - 4*d(i). Give q(-3).
5
Let w(m) = m**3 + 5*m**2 + 5*m - 3. Let f(l) = -4*l. Let j be f(1). Calculate w(j).
-7
Let t(v) be the third derivative of v**4/12 - v**3/2 - 12*v**2. Determine t(3).
3
Let t = 36 - 45. Let d(o) = 3*o + 10. What is d(t)?
-17
Let j(o) = o**2 + 6. Let f(c) = c**3 - 12*c**2. Suppose -3*p + 38 - 2 = 0. Let n be f(p). Calculate j(n).
6
Let q(z) be the first derivative of 8 + 1/2*z**2 + 2*z. Determine q(-7).
-5
Suppose 3*l - 20 = -2*l. Let a(t) be the first derivative of -3/2*t**2 + t + 1/3*t**3 - 1. Calculate a(l).
5
Let i(p) = -4*p + 5. Let z = -107 + 102. What is i(z)?
25
Let q = 7 + -15. Let m = 3 + q. Let a(l) be the first derivative of l**2/2 + 7*l + 3. Give a(m).
2
Let i(t) = -t**3 + 2*t**2 + 3*t - 3. Let b be ((-4)/(-3))/(4/(-78)). Let q = b + 15. Let p be (-2 + q/(-4))*4. Determine i(p).
-3
Let r(s) be the second derivative of -s**8/6720 - s**7/504 + s**6/144 - s**5/20 + s**4/4 - 5*s. Let a(d) be the third derivative of r(d). Calculate a(-6).
0
Suppose j - 10 = 6*j. Let k be -2*(-3)/j + 10. Let q(a) = 0 - k*a + 3 + a**2 + a. Give q(4).
-5
Suppose 2*k + 6 = -k. Let j(u) = u - 1. What is j(k)?
-3
Let o = -1031/5880 + 9/49. Let m(u) be the third derivative of -1/3*u**3 + 0 + o*u**6 + 0*u + 2*u**2 + 1/12*u**4 - 1/15*u**5. Give m(4).
6
Let o be (((-28)/(-8))/7)/(1/(-10)). Let s(a) be the first derivative of a**4/4 + 2*a**3 + 5*a**2/2 - 3. Give s(o).
0
Let f(t) = 4*t**3 - t**2. Let s = -2 - -7. Suppose s*j + 5 = -0*j. Let r be ((-1)/(3/3))/j. Calculate f(r).
3
Let b(d) = d**2 + 9*d - 1. Let y be b(-10). Let z = y - 4. Let m(x) = 2 - 3 - 2 + 2*x. Determine m(z).
7
Let u be (4/6)/(4/30). Let m(g) = -g - 3*g - 1 + u*g. Suppose -4*c + c = 9. Calculate m(c).
-4
Let f(m) = 0*m**3 + 30 - 4*m - 33 - m**3 - 5*m**2. Give f(-4).
-3
Let o(s) = s**3 + 5*s**2 - 8*s - 5. Suppose -28 - 17 = -3*d. Suppose d = -5*v - 15. Give o(v).
7
Let m(z) = z - 4. Let n be (-6)/(-9)*45/(-6). Let j = -8 - n. Let u(b) = -b + 4. Let p(l) = j*u(l) - 2*m(l). Determine p(5).
1
Suppose -5*s + 2 + 3 = 0. Let j be -1 + 3 + -1 + s. Let o(i) = 4*i - 3. Give o(j).
5
Let p = 9 - 3. Let m be (4/p)/((-4)/(-18)). Let q(r) = -2*r**2 + 4*r - 4. What is q(m)?
-10
Let k = 7 + -3. Let w = k + -8. Let z(g) = -5*g**3 - 7*g**2 - 5*g - 15. Let q(x) = 3*x**3 + 4*x**2 + 3*x + 8. Let r(l) = w*z(l) - 7*q(l). What is r(0)?
4
Let b(j) = -j**2 + 8*j - 9. Let a be b(6). Let x(d) = 3*d**2 + 2*d. Let i(f) = 4*f**2 + 3*f + 1. Let p(r) = 4*i(r) - 6*x(r). Give p(a).
-14
Suppose c - 2*s + 17 = 0, 2*c + 36 = -c + 3*s. Let r = 8 + c. Let x(n) = 13*n + 1. What is x(r)?
14
Suppose y + 3 = -2*n, 2*y = 3*y + 3*n + 6. Let v(i) = -i**2 + 3 - 3*i**3 + 5*i**y - 3. Calculate v(-1).
-3
Let p = -7/5 - -47/30. Let a(w) be the second derivative of p*w**3 - 2*w**2 + 0 + 2*w. Calculate a(0).
-4
Suppose 2*y + 20 = -3*y. Let x(b) be the first derivative of -b**2/2 - 3*b - 8. Calculate x(y).
1
Let s(b) = 2*b + 1. Let g(l) = l**3 - 2*l**2 - 9*l + 5. Let d be g(4). Give s(d).
3
Let u(z) = 32 + 3*z - 32. Determine u(-3).
-9
Let r(y) = y - 1. Let k = 8 - 5. Suppose 6 = -k*s + 5*s. Let b(z) = -2*z**2 + 3*z + 4. Let l be b(s). Determine r(l).
-6
Let q = 48 + -53. Let a(n) = n**2 + 7*n + 5. Calculate a(q).
-5
Let z(c) = c**2 - 2 - 3 + 6*c + 7. Calculate z(-4).
-6
Let j(y) = y**3 - 4*y**2 - 2. Let n(h) = 3*h**3 - 11*h**2 - 6. Let w(i) = 11*j(i) - 4*n(i). Determine w(0).
2
Let l(u) be the first derivative of u**3/3 + u**2 + 3*u - 5. Let c(b) = 3*b + 2 + 5 + 2*b**2 - 2. Let z(n) = -4*c(n) + 7*l(n). Calculate z(-2).
-7
Let n(s) = 0*s + 2*s - 5 - s. Let o be 5/3*(9 - 3). Let v = o + -7. What is n(v)?
-2
Let o(h) = -h**3 - h. Let a(j) = 3*j**3 + 6*j**2 + j - 3. Let m(g) = a(g) + 4*o(g). Calculate m(5).
7
Let n(m) = -m**3 + 5*m**2 + 7*m + 4. Let v(a) = -2*a**3 + 5*a**2 + 7*a + 4. Let b be 8/2*1/(-2). Let o(l) = b*v(l) + 3*n(l). Determine o(-4).
-8
Let m(g) = 0*g**2 + 1 - g**2 - 5*g**2 + 0*g**2 - 2*g. Let k be (0 - 0) + -2 + 3. What is m(k)?
-7
Let i(a) = 14*a + 9. Let t(r) = -5*r - 3. Let j(w) = -4*i(w) - 11*t(w). Let u be j(3). Let k(n) = n**3 + 5*n**2 - 7*n - 1. Give k(u).
5
Let i be (-3)/12*-6*2. Suppose -i*p = -3 - 0. Let r(x) = -11*x - 1. What is r(p)?
-12
Let t be 30/(-8) + 12/16. Let o(p) = 11*p**2 - p - p - 12*p**2 + 1. What is o(t)?
-2
Let m(y) = 12 - 2*y + 0 - 6. Calculate m(7).
-8
Let h(n) = -n. Let r = 3 + -2. Suppose 0 = t - 2 + r. Let f be t/(-1)*(-7 - -3). Determine h(f).
-4
Let j(g) be the first derivative of 2*g - 1/12*g**4 + 2*g**2 - 1/6*g**3 - 1. Let i(f) be the first derivative of j(f). What is i(-3)?
-2
Let m(s) be the second derivative of s**5/20 - s**4/12 + s**3/6 + 9*s**2/2 + 2*s. What is m(0)?
9
Let c(m) be the third derivative of 5*m**4/8 - m**3/6 + 5*m**2. Give c(1).
14
Suppose 0*j + 5*j + 27 = -4*c, 9 = -3*c. Let i(l) = 1 + 0*l + 0 - 3*l. Let b(u) = -4*u + 2. Let m(q) = -4*b(q) + 5*i(q). What is m(j)?
-6
Let j(x) be the first derivative of -x**4/12 - 2*x**3/3 - 7*x - 3. Let d(h) be the first derivative of j(h). Calculate d(-5).
-5
Let q(x) = 4*x**2 + 20*x - 27. Let z(u) = u**2 + 7*u - 9. Let i(r) = -2*q(r) + 7*z(r). Give i(9).
-9
Suppose -9 = -s - 4. Suppose -s*k = -1 - 24. Let n(l) = -l + 4. Calculate n(k).
-1
Let b = -5 + 3. Let a(g) = 3*g**2 + 2*g + 1. What is a(b)?
9
Let s(j) be the second derivative of 0 - 2*j - 2*j**2 + 1/6*j**3. Calculate s(-6).
-10
Let d(q) = -q - 5. Let x be d(-5). Let z(f) = f**2 - 3*f + 